factors of q?
2, 11
Suppose -4*b - 2 = 4*x + 6, 4*b - 10 = 5*x. Let k be (1 + -1)/(x + 4). Suppose -9 = -y - k*y. List the prime factors of y.
3
Let t be 600/18 - (-8)/(-6). What are the prime factors of 259/9 - t/(-144)?
29
Suppose 2*a - 4*a + 60 = 0. List the prime factors of a.
2, 3, 5
Suppose -4 = -4*b - 0. Let h be 1/(-1 + 2) + b. Suppose 5*d - 3*j - 33 = 0, -h = -2*d + 4*j - 0. List the prime factors of d.
3
Let m = -91 - -140. What are the prime factors of m?
7
Suppose -28 + 124 = l + 2*j, -j = -2*l + 177. Suppose 3*h - l = -2*h. What are the prime factors of h?
2, 3
Let c = 5 + -9. Let y(g) = -3*g - 1. What are the prime factors of y(c)?
11
Let f(h) = 3*h + 9. Let x be f(8). Suppose 0 = -4*w - 2*v + 28, w + 2*v = -4*w + x. List the prime factors of w.
5
Let w(q) be the second derivative of 9*q**5/20 + q**4/12 - q**2/2 + 13*q. Suppose -3*d - 17 + 1 = -m, -m - 2*d - 9 = 0. List the prime factors of w(m).
3
Let p(m) = m**3 - 5*m**2 - m - 10. List the prime factors of p(7).
3
Suppose 0*w + w - 1 = 0. Let p be (-1 - (-18)/3)/w. Let r = 6 + p. What are the prime factors of r?
11
Suppose -5*n + s - 33 = 2*s, -36 = 4*n + 4*s. Let x(w) be the second derivative of w**3/6 + 13*w**2/2 - 2*w. List the prime factors of x(n).
7
Suppose 5*l + 40 = 3*o, 2*l = -0*l + 5*o - 35. Let r = 1 - l. List the prime factors of r.
2, 3
Let i be (25/15)/((-2)/(-30)). Let j = i + -15. List the prime factors of j.
2, 5
Let r(d) = 8*d + 45. List the prime factors of r(5).
5, 17
Let d(q) = q**3 + 8*q**2 + 6*q - 1. Let c be d(-7). Suppose 4*s = 3*s + 17. Suppose 4*j + c*x - 2*x = 28, x + s = 3*j. List the prime factors of j.
2, 3
Let z(j) be the second derivative of j**3/6 - j**2/2 - 2*j. Let y be z(0). What are the prime factors of (25/20)/(y/(-4))?
5
Let u = 13 + -12. Let i(v) = 21*v - 1. List the prime factors of i(u).
2, 5
Suppose -4*d + 60 = -4. What are the prime factors of d?
2
What are the prime factors of (1 - 4)/((-30)/250)?
5
Let u be (5 + 1/(-1))/2. Suppose i = -u*v + 122, 3*i + 8 = -i. What are the prime factors of v?
2, 31
Suppose -5*r + 0*r = 30. Let y = 10 + r. Suppose -44 = -y*f + 36. List the prime factors of f.
2, 5
Let d be 5/(5/54) - 1. Let l = -38 + d. List the prime factors of l.
3, 5
Let z = -155 + 271. What are the prime factors of z?
2, 29
Let l(d) = -11*d - 4. List the prime factors of l(-2).
2, 3
Let r(l) = 10*l**3 - 6*l**2 + l + 4. What are the prime factors of r(2)?
2, 31
Let j = 32 + 4. Let x be (-4)/6*j/3. Let l = -4 - x. What are the prime factors of l?
2
Let g(t) = t**2 - 6*t + 8. List the prime factors of g(6).
2
Suppose -3 = 2*b - 9. Let v be (2 - 3)/(2/(-14)). Suppose a - b = v. What are the prime factors of a?
2, 5
Let j(t) = -t**3 - 2*t**2 - 4*t - 1. List the prime factors of j(-3).
2, 5
Suppose 4*s + h - 246 = -4*h, 5*s - 3*h = 326. What are the prime factors of s?
2
Let a(r) = 2*r**3 + r**2 + 3*r + 2. Let m be a(-1). List the prime factors of m - 1*(-2 + -7).
7
Let q(w) = -w + 21. What are the prime factors of q(0)?
3, 7
What are the prime factors of (-388)/(-10) + 1/(-10)*-2?
3, 13
Let r(s) = s + 3. Let g be r(-3). Suppose -o = -5*o + 4*w + 52, 4*o - 48 = 3*w. Suppose g*q = 3*q - o. List the prime factors of q.
3
Let r be 47/9 + 8/(-36). Suppose s - r*h + 40 = 3*s, -2*h + 4 = 0. List the prime factors of s.
3, 5
Let h = -117 + 168. List the prime factors of h.
3, 17
Let d(l) be the third derivative of l**5/60 - l**4/24 + l**3/6 - 3*l**2. Suppose w - 5 = -2. What are the prime factors of d(w)?
7
Suppose -3*q - 7 = -4*q. Suppose 3*f + 3*x = q*x + 139, -133 = -3*f - 2*x. List the prime factors of f.
3, 5
Let q = 306 - 183. List the prime factors of q.
3, 41
Let w = -11 - -28. List the prime factors of w.
17
Let f = -17 + 340. What are the prime factors of f?
17, 19
Suppose -3*j + 30 = z, -3*j - 3*z - z + 30 = 0. What are the prime factors of j?
2, 5
Suppose -1 = -0*b - b. What are the prime factors of b/(2 + (-44)/24)?
2, 3
Suppose 4*l + 2 = -6. Let g = -1 + l. What are the prime factors of (12/(-8))/(g/20)?
2, 5
Let a = -144 - -197. List the prime factors of a.
53
Let n(q) = 3*q - 1. Let m be n(3). Let k = m + -5. List the prime factors of k.
3
Let p be (-76)/(-3) + (-3)/9. Suppose 4*a - p - 15 = 0. What are the prime factors of a?
2, 5
Suppose -2*l + 108 - 569 = -3*t, -3*t + 5*l = -473. What are the prime factors of t?
151
Let r be 3*(-2 + (-8)/(-3)). Suppose z - 5*h = 10, 0*z - r*z + 33 = 3*h. What are the prime factors of z?
3, 5
Let t(c) = c - 1 + 0*c + 0 + 0*c. List the prime factors of t(3).
2
Let b = 0 + -10. Let s = 1 - b. Let w = 29 - s. List the prime factors of w.
2, 3
Suppose 2*b + 1 = 9. Suppose -2*a + 4 = -b. What are the prime factors of a?
2
Suppose -2*c + 117 = -73. List the prime factors of c.
5, 19
List the prime factors of 1628/5 + (-18)/(-45).
2, 163
Let r be 24/11 + (-6)/33. Suppose 4*o - 4 = c + r, 0 = 5*c - 4*o - 2. Suppose -4*t = -c*t - 8. What are the prime factors of t?
2
Let h = -16 - -17. Let s(j) = 19*j**2 + 2*j - 1. List the prime factors of s(h).
2, 5
Let v(b) = 3*b - 1. List the prime factors of v(8).
23
Suppose -2*n + 3*n = -4, 4*c - 224 = 4*n. List the prime factors of c.
2, 13
Let m(f) = 8*f + 27. List the prime factors of m(5).
67
Let x(b) = 6 - 3*b**3 + 4*b**3 - 2*b + 6*b**2 - 2*b**3. Let z be x(4). Suppose -3*l + z = 2*l. What are the prime factors of l?
2, 3
Suppose -5*o - 5 = 0, -3*o - 546 + 103 = -5*d. What are the prime factors of d?
2, 11
Let v(z) = 5*z. Let y be v(4). Suppose 44 = a + 2*a - 5*j, 3*j = a - y. List the prime factors of a.
2
Let f = 1 + -6. Let z(v) = -v**3 - 6*v**2 - 6*v - 2. What are the prime factors of z(f)?
3
Let p(i) = 2*i**2 - i + 1. Suppose 0 = 4*j - 7 - 1. Suppose -2*f = q + 1 + 1, -4*f - j = 3*q. What are the prime factors of p(f)?
11
Suppose -2*r = -6, 7*r = 5*w + 4*r - 51. List the prime factors of w.
2, 3
Let j = -7 + 7. Suppose 0*p + 5*p - 70 = j. What are the prime factors of p?
2, 7
Let p be -1 - (2 + -3) - -3. Let l = p - 1. Suppose 0 = -3*n + l*n + 2, 5*i + 5*n = 45. What are the prime factors of i?
7
Suppose 3*z = 53 + 7. Let m = z - 12. What are the prime factors of m?
2
Suppose 0 = -4*x + 4, 4*k + 0*k + x = -3. Let f be -9 - (0/(-2))/k. Let h = -6 - f. What are the prime factors of h?
3
Let h = -12 - -22. Let p(s) = 2*s + 7. What are the prime factors of p(h)?
3
Suppose k = -4*y + 101, 3*y + 238 = 3*k + 2*y. What are the prime factors of k?
3
Let y(o) = -7*o + 3. What are the prime factors of y(-3)?
2, 3
Let i = 6 - 4. Suppose -2 = m, -i*m - 31 - 117 = -4*b. What are the prime factors of b?
2, 3
Suppose 0 = 3*z - 2*z + 14. Let b = 20 + z. What are the prime factors of 8/(-12) - (-16)/b?
2
Let o = -545 + 944. What are the prime factors of o?
3, 7, 19
What are the prime factors of 10/(-35) - 102/(-14)?
7
Suppose 0 = w - 2*p - 0 - 46, 5*p - 223 = -4*w. What are the prime factors of w?
2, 13
Let i = -1 - -3. Let b be i/((-8)/3 - -2). What are the prime factors of (2 - (4 + -1))*b?
3
Suppose -3*d + i + 104 = 0, -2*d - 2*i - 64 = -4*d. List the prime factors of d.
2, 3
Let f(a) = a**2 - 8*a + 6. Let c be f(9). Suppose -z + c = t - 0*z, 0 = 3*t - 3*z - 45. What are the prime factors of t?
3, 5
Suppose 5*p + 4*m = 371, -3*p - 2*m = -0*m - 221. List the prime factors of p.
71
Let z = -7 + 12. Let w = 3 + -3. Suppose w = -3*g - 3*s + 27, 4*g - 5*s + 9 = z*g. List the prime factors of g.
3
Suppose -4*g + 7 = -1. Let r be (-126)/12 + 1/g. What are the prime factors of (r/(-4))/(5/10)?
5
Suppose 4*t + 5*f - 1 = -6, -t - 4*f - 4 = 0. Let y be -1*(-3)/(-9)*t. Suppose s = 4*r, -4*s + r + 3 + 27 = y. What are the prime factors of s?
2
Suppose -3*w = 3*t - 84, -2*t - 3 = -w + 19. What are the prime factors of w?
2, 13
What are the prime factors of ((-9)/2 - -2)*-12?
2, 3, 5
Suppose 0 = 4*l - l + 12. Let s be (-2 + l)/(-1)*-1. Let i = -3 - s. List the prime factors of i.
3
Let x = -10 - -6. Let b be (-1 + 8/(-3))*-3. Let s = b + x. List the prime factors of s.
7
Let c = 0 - 0. Suppose c = -3*p + 6 + 30. List the prime factors of p.
2, 3
Suppose 0 = -4*n + 3*u + 121, 5*n - 33 - 98 = -3*u. Let z = -4 + n. Let q = -14 + z. List the prime factors of q.
2, 5
Let r be (-136)/(-22) - (-4)/(-22). Let x be 4/r*(-9)/6. What are the prime factors of -12*(1/2)/x?
2, 3
Let g = -